List the prime factors of o.
61781
List the prime factors of ((-2110)/(-44) - 72/(-132))*60.
2, 3, 5, 97
Let m = 233 - 188. List the prime factors of m/(-135)*2/(4/(-1422)).
3, 79
Let y be ((-8)/6 + 2)*60. What are the prime factors of 260/y + 15/(-6)?
2
Let r be (-912)/(-120) + 2/5. Let c be (31 + r/(-4))*2. Suppose -2*z + 0*z = -c. What are the prime factors of z?
29
Suppose 24*v - 39966 = 104401 - 12559. What are the prime factors of v?
2, 1373
Let s(a) = 294*a + 53441. List the prime factors of s(0).
53441
Suppose 648833 + 45877 = 17*r + 37*r. List the prime factors of r.
5, 31, 83
Suppose -2*b - 1398 = -0*b. Let j = b - -1382. What are the prime factors of j?
683
Suppose -38*i - 127595 = -667233. What are the prime factors of i?
11, 1291
Suppose 0 = 5*t - 4*y - 10772, -2*t + 4306 = -17*y + 14*y. List the prime factors of t.
2, 7, 11
Suppose -2*i - 4*l = -42, -4*i - 2*l = 2*l - 96. Suppose 28*a - 14 = i*a. List the prime factors of (6 - 0)*a/4.
3, 7
Let y be 1 - 521 - (3 + 1). Let f = y - -992. List the prime factors of f.
2, 3, 13
Suppose 32*z + 2916 = 38*z. Let u = z - 410. List the prime factors of u.
2, 19
Let l be (-28)/(-6)*(-2 - 1). Let p = l + 4. Let k(u) = u**2 + 2*u + 17. What are the prime factors of k(p)?
97
Let i(b) = -3*b + 1. Let c(q) = 2*q - 1. Let p(h) = 6*c(h) + 5*i(h). Let u be p(-5). Suppose 0 = -4*a + 11*a - u. List the prime factors of a.
2
Suppose 8*s - 46468 - 104252 = 0. What are the prime factors of (-15)/(-35) - s/(-42)?
449
Let l(p) = 202*p**3 - 6*p**2 + 16*p - 2. List the prime factors of l(2).
2, 811
Let h(t) = 313*t**2 - 7*t - 5. Let d(o) = -o**2 + 22*o + 47. Let y be d(-2). What are the prime factors of h(y)?
3, 5, 7
Suppose -3*h - 3*t - 1187 = 187, t + 2282 = -5*h. Let s = h - -463. List the prime factors of s.
7
Let m(s) = s**3 - 6*s**2 - 6*s - 9. Let g be m(7). Let z be (-3 - -467)/4 + (-6)/g. Suppose -6*r = -2*d - 2*r + 256, d + r - z = 0. List the prime factors of d.
2, 61
Suppose 0 = 5*f + 5, -5*f = -0*z - 2*z + 715. Suppose 5*b - z = -x + 8*b, 3*x = -3*b + 1101. What are the prime factors of x?
2, 7, 13
What are the prime factors of (-23261)/(-21)*18/3?
2, 3323
Let n(f) be the second derivative of -f**3/6 + 2*f**2 - 16*f. Let q be n(7). List the prime factors of ((-164)/(-12))/(q/(-18)).
2, 41
Let l be (2 - -20)/2 - (-12 + 9). Let i = 21 - l. List the prime factors of ((-7)/4)/(i/(-728)).
2, 7, 13
Suppose 6*d = 12*d + 12. What are the prime factors of (-5 + -977 - -2)/d?
2, 5, 7
Let b = -1196 - -2978. Suppose -33*h = -22*h - b. What are the prime factors of h?
2, 3
Let m(j) be the first derivative of 6*j**2 - 1/3*j**3 - 33 + 6*j. List the prime factors of m(9).
3, 11
Let h(i) = 3*i + 3. Let m(p) = p**3 + 5*p**2 - 3*p - 12. Let f be m(-5). Suppose c - 2*q = 18, -3*c = f*q - 0*q - 9. List the prime factors of h(c).
3
Suppose 0 = 65*w - 2311080 + 337550. What are the prime factors of w?
2, 17, 19, 47
Let z(o) = -o**3 - o**2 - o + 42. Let t be z(0). Suppose -19*x = -309 + 233. Suppose -3*y - h + 106 = -85, -y = -x*h - t. List the prime factors of y.
2, 31
Let d = 117 - 120. What are the prime factors of -175*(9/d)/3?
5, 7
Let k(n) = -4*n - 16. Let w be k(-5). Suppose -24 = 8*v + w*v. List the prime factors of (-1)/v - 2849/(-22).
2, 5, 13
Suppose -35*z + 160 = -15*z. Suppose 4397 = z*t - 2475. What are the prime factors of t?
859
Let v(k) = 143*k**2 + 45*k + 137. What are the prime factors of v(9)?
5, 97
Let p(a) = 5*a**2 + 16*a + 24. Let u(v) be the first derivative of 3*v**3 + 31*v**2/2 + 49*v + 34. Let h(j) = 11*p(j) - 6*u(j). List the prime factors of h(-9).
3, 47
Suppose 90*m + 41*m + 283639 = 1330460. List the prime factors of m.
61, 131
Let b(l) = 2*l**3 + 97*l**2 - 4*l + 287. List the prime factors of b(-48).
11, 23
Let z be 585/(-30)*8/(-6). Let v(n) = z*n - 4*n + 11*n + 5. List the prime factors of v(3).
2, 13
Suppose -49 = 19*i - 11. Let s(u) = -590*u + 22. What are the prime factors of s(i)?
2, 601
Suppose -t = 4*v - 0*t - 291, 2*t + 306 = 4*v. What are the prime factors of v + (-35)/7 + 4?
73
Let z(r) = 27*r**2 + 40*r + 15. What are the prime factors of z(16)?
7, 23, 47
Suppose 4*b = n - 10, -25 = n - 5*n + b. Let x(q) = 109*q + 140. What are the prime factors of x(n)?
2, 397
Suppose 2*y + 0*q + 2*q - 874 = 0, -5*y = -4*q - 2158. Let d = y - 247. Let h = d - 102. List the prime factors of h.
5, 17
Let s be (-6)/4 - (-66015)/54. Let v = -801 + s. List the prime factors of v.
2, 3, 5, 7
Suppose 5*w + 4*g = 7*w - 21630, 10803 = w - 4*g. List the prime factors of w.
3, 401
Let i(z) = 111*z**2 - 5*z - 8. Let d be i(4). Suppose 0 = -4*v - 4*m + d, 8*v = 4*v + m + 1773. List the prime factors of v.
2, 13, 17
Suppose -1875*m - 9 = -1878*m, -3*m + 24745 = 4*i. List the prime factors of i.
2, 773
Let f be ((-4 - -2) + -31)*(-7)/1. Let l = f + -397. What are the prime factors of (l/(-12) - -1)*6?
89
Let c be 6/33 - 1/22*70. Let h(p) = -59*p + 9. Let v be h(c). What are the prime factors of 2*(-2 - v)*2/(-8)?
2, 47
Suppose 2*g - 40*m + 35*m = 135023, -g = 5*m - 67519. List the prime factors of g.
2, 33757
Let n be (4*1 - (-7 - -6)) + 0. Suppose -8*m = -n*m. Suppose w - 4*b - 95 = 0, 6*b - 5*b + 3 = m. List the prime factors of w.
83
Suppose -5*g = 5*q + 35, g + 9 = 2*g - 3*q. Let h(w) = 4*w - 2 - 16*w - 14*w. What are the prime factors of h(g)?
2, 19
Let i = -388 + 801. Suppose -2*f = t - 131, 4*t + 4*f = 7*t - i. Let y = t + -77. List the prime factors of y.
2, 29
Let b(h) = 2736*h + 2. List the prime factors of b(1).
2, 37
Suppose 7*r + 2291 - 10474 = 0. Suppose 4*d - 1295 = r. Suppose 0*b + 2 = b, 5*v = 2*b + d. What are the prime factors of v?
2, 31
Let p(z) = 8*z**2 + 6*z - 180. Let k be p(-18). Let w = k + -972. What are the prime factors of w?
2, 3, 37
Suppose -120 = -25*g + 13*g. List the prime factors of 8/g*(29 - -56).
2, 17
Let q be 5/((3/(-1))/(-3)). Suppose -k + 3 = 0, q*j = 2*k + 17 - 3. What are the prime factors of -3 + (54 - 0) - j?
47
Let u(v) = 21*v - 65. Let z be u(15). Let w = z - 122. List the prime factors of w.
2
Let f be (-42)/(0 - 12/8). Let z = 32 - f. Suppose -u = z*u - 295. What are the prime factors of u?
59
Suppose -103*h + 208*h - 136*h + 1384026 = 0. What are the prime factors of h?
2, 3, 7, 1063
Let g = 67 + 398. Let x = g + -229. What are the prime factors of x?
2, 59
Suppose -2*o + 65520 = 19*o. What are the prime factors of o?
2, 3, 5, 13
Let z = 547 - 313. Let h = z + -57. List the prime factors of h.
3, 59
Let d(l) = -5 + 21 + 5 + l + 14. Let g be d(17). Let n = g + 102. What are the prime factors of n?
2, 7, 11
Let n(w) = 4*w**3 - 30*w**2 + 145*w - 54. What are the prime factors of n(14)?
2, 13, 17
Let d(m) = 95*m**2 - 27*m + 48. List the prime factors of d(11).
2, 5623
Suppose 3*n = -2*t + 41891 - 8316, -50380 = -3*t - n. List the prime factors of t.
5, 3359
Let v = 18899 - 5917. What are the prime factors of v?
2, 6491
Let q(u) = -u**3 + 17*u**2 - 15*u - 15. Let k be q(16). Let j be (14/(-21))/(k - 4/3). Suppose 3*w = -j*w + 760. List the prime factors of w.
2, 19
Let q(g) = 3*g + 14. Let c be q(-23). What are the prime factors of c/(1 + -2 + 11/22)?
2, 5, 11
Suppose 101*z - 659330 = 27*z + 271886. List the prime factors of z.
2, 11, 13
Suppose -5 = w + 4*w, 2*w + 97310 = 4*n. What are the prime factors of n?
3, 17, 53
Let q(t) = -2*t**3 + 112*t**2 - 106*t - 117. Let g be q(55). Let z(i) = i**2 - 10*i + 7. Let j be z(6). Let p = g + j. What are the prime factors of p?
2, 43
Let n = -11892 + 22875. List the prime factors of n.
3, 7, 523
Let f(b) be the first derivative of -12*b - 3 + 5/3*b**3 - 3/2*b**2. What are the prime factors of f(-4)?
2, 5
Suppose -2*v = -v - 2*r - 609, -2386 = -4*v - 2*r. Let f = v + -351. List the prime factors of f.
2, 31
Suppose -2*o - 641 = -g, 1198 = 4*g - 4*o - 1386. Let d = g + 982. What are the prime factors of d?
23, 71
Let d(v) = -v**2 + v + 1. Let b(n) = 8*n**2 + n - 21. Let f(m) = -2*b(m) - 18*d(m). Let x(g) = -g**2 + 13. Let o be x(0). What are the prime factors of f(o)?
2, 3, 17
Let p = 25 - 25. Let b(o) = -o**2 - 2*o + 141. What are the prime factors of b(p)?
3, 47
Suppose 140 = 10*t - 100. Suppose -18*n = -t*n + 2874. What are the prime factors of n?
479
Suppose 11959 - 53212 = -2*n + 42897. List the prime factors of n.